0).
-5
Let l(c) = 2*c**2 + 17*c - 14. Suppose 0 = 25*i - 36*i - 99. Determine l(i).
-5
Let d(t) be the first derivative of -2 + 3*t + 0*t - 2*t**2 - 5*t. Determine d(-2).
6
Let c(v) = 18*v**2 + v**2 + 3*v**3 - 9*v**2 - 10*v + 10 - 2*v**3. What is c(-11)?
-1
Let t(a) = a**3 + 30*a**2 + 16*a + 1458. Let n be t(-31). Let v(q) = 3 - 6*q - 3. Give v(n).
-6
Suppose -2*b - 228 = -2*a, 5*a - 2*a + 2*b - 352 = 0. Let w be a/36 + -3 + (-86)/(-18). Let j(p) = -p**2 - p + 7. Give j(w).
-23
Let q(h) = -h**3 - 7*h**2 - 4*h + 4. Let l(v) = v**3 + 5*v**2 + 3*v + 1. Let z be l(-4). Suppose -3*r - 23 = 5*u, -z*r + u = -0*u + 29. Give q(r).
-8
Let b(h) be the third derivative of -h**4/12 + h**3/2 - 2*h**2 - 270*h. What is b(5)?
-7
Suppose -101*a + 102*a - 1 = 0. Let m(l) = l**2 + 3. Let h(r) = -r**2 + 1. Let s(c) = a*m(c) - 4*h(c). What is s(-2)?
19
Let j(a) = a + 1. Let k be 3/(-8 + 11 + -6). Determine j(k).
0
Let b(t) = -t**2 - 3*t + 3. Let v be (-1)/(-3) + (-15)/(-9). Let k(w) = -w + 3 + 2*w**2 - 5*w**3 + 0*w - 2*w + 4*w**3. Let s be k(v). Calculate b(s).
3
Suppose 2*t - 58 = -3*f, -4*f - 4 = 3*t - 82. Suppose 6 = 2*o + f. Let w(p) = p**2 + 5*p - 3. What is w(o)?
3
Let h(o) = -o**3 + 5*o**2 - 4*o - 1. Let j be (13/(-1))/(-1) + -2. Suppose 3*q + 4*m + j = -0*q, 2*m + 13 = q. What is h(q)?
5
Suppose -h - 3*h + 4*l + 52 = 0, h = 4*l + 19. Let n = -9 + h. Let v(q) = 3 - 2 + q**n - q**2 - q**2. What is v(1)?
0
Suppose -h = -g + 7, -4*h + 6*h = 5*g - 26. Suppose 2*i + g = 12. Let s(q) be the third derivative of -q**4/24 + 4*q**2. Determine s(i).
-4
Let j(u) be the second derivative of -u**3/6 - 3*u**2 - u + 18. Let h = 3 + -1. Let v be (4/h)/(-4)*0. Determine j(v).
-6
Suppose y - 2*y + 4*b - 1 = 0, 61 = 4*y - 3*b. Let g(i) = -19 + y + i. Suppose 1 = 4*z + 4*r + r, 5*r = 25. Give g(z).
-6
Let u(t) = -2*t**2 + 3*t - 3. Let n(g) = g**3 + 6*g**2 + 4*g - 1. Let x be n(-5). Suppose -a + x = a. Give u(a).
-5
Let n(z) = -16*z**2 + 2*z - 1. Let w = 16 + 48. Suppose 68 = 4*d + w. What is n(d)?
-15
Let r(z) be the first derivative of -z**5/60 + z**3/2 - 3*z**2/2 + 2. Let a(f) be the second derivative of r(f). Calculate a(0).
3
Let a(h) be the first derivative of -h**2/2 - 9*h + 2. Let q = -986 + 986. Give a(q).
-9
Let d(b) = b**3 - b**2 - b. Let m(s) = -3*s**3 - 3*s**2 + 10*s + 7. Let c(k) = 4*d(k) + m(k). What is c(6)?
7
Let z be 34/8 + (-7)/28. Let t be 31/z + (-2)/(-8). Let g = t - 7. Let n(b) = 2*b**3 - b**2 + b. Determine n(g).
2
Let i = -8 + 13. Suppose -25 = -5*r + 2*s, -i*r + 4*r + 2*s + 5 = 0. Let q(f) be the third derivative of f**5/60 - 5*f**4/24 + 5*f**3/6 - 5*f**2. Give q(r).
5
Let r(y) be the third derivative of y**5/30 + 5*y**4/8 - y**3/6 + 67*y**2. What is r(-7)?
-8
Let c(f) = 0*f - 3*f + 2*f + 5. Let p = 2760 - 2755. Calculate c(p).
0
Suppose 3*p - 2*p + b - 5 = 0, -p + 5*b - 13 = 0. Let j be 40/8*(0 + -1 + 2). Suppose 1 = p*x - j. Let v(z) = 5*z - 1. Give v(x).
14
Let j(o) = -3*o. Let c(d) = 5*d. Suppose 3*m + 2*m + 55 = 0. Let t = m + 7. Let b(w) = t*c(w) - 7*j(w). Calculate b(5).
5
Let a(u) = -26*u**3 - u**2 - 7*u - 4. Let f(c) = 18*c**3 + c**2 + 5*c + 3. Let i(g) = 5*a(g) + 7*f(g). Give i(2).
-23
Suppose -2*l - 3*y = 0, 4*l = 2*y + 3*y. Suppose 20*v - 8*v - 144 = l. Let q(h) = h - 13. Calculate q(v).
-1
Let u(i) = 46*i + 4. Let d(g) = -7*g - 1. Let z(q) = -5*d(q) - u(q). Give z(-4).
45
Let v(h) = -6*h - 3. Let f(u) = -6*u - 27. Let m(o) = 4*f(o) - 6*v(o). What is m(8)?
6
Let d(y) = 8*y - 9 + 2*y**2 - 2*y**2 - y**2. Let a be d(5). Suppose -4*j - a*p = -p + 12, 9 = -3*j + 3*p. Let z(o) = -2*o - 2. Calculate z(j).
4
Let l(u) = 4*u - 5. Suppose 0 = -2*y - 3*r - r - 34, 1 = r. Let d = -19 - y. Suppose -5*n + d*n + 20 = 0. Determine l(n).
11
Let v = -1987 - -1996. Let r(o) = o - 18. Determine r(v).
-9
Let y(g) = 4*g - 13. Suppose 18*k + 27 = 23*k - x, 3*k = -x + 13. Give y(k).
7
Let n(a) = -17*a - 12. Let g = 36 - 33. Let i(h) = 6*h + 4. Let r(c) = g*n(c) + 8*i(c). Let u = 1 + -4. What is r(u)?
5
Let q(o) = o**2 + 15*o + 58. Let k be q(-10). Let j(p) = p**2 - 9*p + 3. Calculate j(k).
-5
Let z = 68 - 66. Let g(w) = w**3 - 6*w**2 + 3*w. Let m be g(6). Suppose m*u + z = 20*u. Let c(s) = -2*s**3 - s**2 + 1. Determine c(u).
-2
Let h = -40 - -43. Let i(d) = -3 + 34*d - d**2 - 1 - 23*d - h. Determine i(9).
11
Let p(x) = -13*x - 11 - 7 - 12 + 28. What is p(-2)?
24
Let j(v) = v**3 - 2*v**2 + 2*v - 1. Let c be j(2). Suppose -12 = x - c*y, -5*x + 2*y + 3 = -2. Let r(t) = 3*t - x + 1 + 1 + t**2 + 3*t. Give r(-6).
-1
Let n(i) = i + 4. Let k be n(-10). Let m(x) = 2*x + 15. Let w(b) = b + 7. Let q(h) = k*m(h) + 13*w(h). What is q(-1)?
0
Let r(v) be the second derivative of -v**5/20 + v**4/12 - v**3/3 - 9*v**2/2 - 8*v. Give r(0).
-9
Suppose 13*p + 80 = 54. Let n(t) = -2*t**3 - 3*t**2 + 5*t + 3. Give n(p).
-3
Let p = 116 - 111. Let g(o) = o**2 + 3. What is g(p)?
28
Let w(d) be the third derivative of -1/20*d**6 - 1/6*d**3 + 0*d + 0*d**4 + 1/30*d**5 - 13*d**2 + 0. Calculate w(1).
-5
Let j(x) = 5*x**2 - 3*x + 3. Let r(o) = -9*o**2 + 7*o - 7. Let d be 3/((-4)/(16/(-3))). Let i(h) = d*r(h) + 9*j(h). Determine i(1).
9
Let m(g) = -5*g**2. Let r be (4/(-7))/((-2)/14). Suppose -4 = -r*c - 0. Let t be m(c). Let s(j) = -j - 2. Determine s(t).
3
Let n(l) = 4 - 6*l + 1038*l**3 - 1039*l**3 + 0*l**2 + 5*l**2. Give n(4).
-4
Let l(n) = n**3 - 5*n**2 - 4*n + 2. Suppose 19*b - 57 - 38 = 0. Give l(b).
-18
Let w(j) = -j**3 + 5*j**2 - j + 3. Let v = 277 + -274. Determine w(v).
18
Let g(d) = 9*d - 10. Let c = -361 - -366. What is g(c)?
35
Let j(m) = -5*m + 10. Let b be ((-48)/88)/((-8)/44). Determine j(b).
-5
Suppose 12 = 9*j - 13*j, -2*z - 12 = 4*j. Let y(i) = i**3 + 2*i**2 + i - 1. Calculate y(z).
-1
Suppose 0 = 11*m - 50 + 6. Let g be (5 + -9 - -2)*(-1 + m). Let k(n) = -n + 8. Calculate k(g).
14
Let h(i) = -3*i + i**2 + 2719 - 2718 + 2*i. Let g(p) = 3*p**2 - 5*p + 8. Let v(m) = -m - 4. Let r be v(0). Let c(w) = r*h(w) + g(w). Calculate c(0).
4
Let d(z) = -3*z**2 - 8*z - 7. Suppose 56*m - l = 55*m - 6, -2*m - 4*l + 6 = 0. Calculate d(m).
-10
Let l(k) = k**2 + 10*k + 8. Let w(i) = i**2 + 10*i + 6. Let y(b) = -7*l(b) + 6*w(b). Determine y(-9).
-11
Let b = -472 - -490. Let k(p) = 6*p - 103. Determine k(b).
5
Let a(v) = 3*v**2 + 6*v + 8. Let s(k) = -k**2. Let u(w) = a(w) + 4*s(w). Give u(7).
1
Let h(u) = -u**3 - 3*u**2 - 5. Suppose 3*j - o = -3*o - 19, 0 = -5*o - 25. What is h(j)?
-5
Let r(i) = -i**2 - 5*i - 8 + 1 - 2*i. Let o be (-112)/42 + (-2)/(-3). Let w be 120/(-16) - 1/o. Give r(w).
-7
Let z = -2 - -5. Suppose -k - z*k = -16. Suppose k*o + o = -5*x - 35, -2*o = -x - 1. Let b(n) = -n**3 - 4*n**2 + 8*n + 4. What is b(x)?
-11
Let p be 2176/(-12) - 5 - 2/3. Let z = p + 180. Let u(m) be the third derivative of m**4/24 + m**3/6 - m**2. Determine u(z).
-6
Let z(o) = -4*o**2 + 1704 - 1708 - o**3 + 2*o**3. Let h = -5 + 9. Determine z(h).
-4
Let o be (0/3)/(2/(8 + -10)). Let a(u) = 3*u + 12. Give a(o).
12
Suppose 2*h - 13 = 3. Let z = -4 + h. Suppose -w - 20 = -v - 2*v, 0 = z*v - 20. Let n(m) = -m - 3. What is n(w)?
2
Let b(t) be the third derivative of 0 + 46*t**2 + 0*t - 5/3*t**3 + 1/12*t**4. Calculate b(7).
4
Let v be (36/72)/(2/(-12)). Let a(u) = -3*u - 4. Give a(v).
5
Let p(b) = 6*b + 9. Let r = 13 + -24. Let m(n) = -3*n - 5. Let a(y) = r*m(y) - 6*p(y). Give a(6).
-17
Suppose 0 = -0*s - 3*s + 6. Let n(h) = -h + 2 - 2*h + s. Suppose -1812 = -8*l - 1780. What is n(l)?
-8
Let w = 74 - 62. Let l(d) = -w + 3*d - 4*d**2 + 9 + 2*d - d**3 + 9. Calculate l(-5).
6
Let o(k) = -k**2 + 5*k - 7. Suppose -5*v = -3*r + 4*r + 31, -3*r = -4*v + 93. Let j = -25 - r. What is o(j)?
-13
Let q(v) be the third derivative of v**6/360 - v**5/120 + v**4/12 + 13*v**3/6 + 21*v**2. Let d(y) be the first derivative of q(y). What is d(-2)?
8
Let f(i) = i - 1. Suppose -6*c + 2*c + 16 = 0. Let p(k) = 5*k - 3. Let d(q) = c*f(q) - p(q). Let o(r) = -r**2 - 6*r + 77. Let t be o(6). Give d(t).
-6
Suppose 1449 - 1457 = -8*f. Let k(c) = -c**2 - 5*c**2 + c - 5*c**2. Determine k(f).
-10
Let k = -53/5 - -141/10. Let n(w) be the second derivative of 0 + k*w**2 + 3*w + 4/3*w**3 + 1/12*w**4. Determine n(-6).
-5
Let v(g) be the first derivative of g**4/4 + 5*g**3/3 + g**2/2 - 6*g - 61. What is v(-5)?
-11
Let b(c) be the first derivative of -c